{"id":301,"date":"2014-09-30T23:41:15","date_gmt":"2014-09-30T22:41:15","guid":{"rendered":"https:\/\/www.garcia-avocat-paris.fr\/licenciement?page_id=301"},"modified":"2020-05-19T18:19:20","modified_gmt":"2020-05-19T17:19:20","slug":"avocat-en-licenciement","status":"publish","type":"page","link":"https:\/\/www.garcia-avocat-paris.fr\/licenciement\/","title":{"rendered":"Accueil"},"content":{"rendered":"<header><\/header>\n<h2 style=\"text-align: center;\">Avocat en droit du travail \u00e0 Paris<\/h2>\n<p style=\"text-align: center;\"><strong>Le d\u00e9veloppement des relations individuelles et collectives en la mati\u00e8re impose une connaissance et un accompagnement en mati\u00e8re de conseil et de contentieux.<\/strong><\/p>\n<p style=\"text-align: center;\"><strong>C\u2019est pourquoi notre cabinet qui a d\u00e9velopp\u00e9 des <a href=\"https:\/\/www.garcia-avocat-paris.fr\/licenciement\/competences-droit-du-travail\/\" rel=\"\">comp\u00e9tences en droit du travail, en fait, un domaine privil\u00e9gi\u00e9 dans son exercice<\/a>.<\/strong><\/p>\n<hr \/>\n<p><a class=\"avocat-consultingwidget \" href=\"https:\/\/consultation.avocat.fr\/avocat-22449-f86d.html\" data-widget-id=\"961c712fcecffd0bbe9b\">Consulter mon profil Avocat.fr<\/a><script>!function(d,s,id){var js,fjs=d.getElementsByTagName(s)[0];if(!d.getElementById(id)){js=d.createElement(s);js.id=id;js.src='https:\/\/consultation.avocat.fr\/js\/consultingwidget.js';fjs.parentNode.insertBefore(js,fjs);}}(document,'script','avocat-widget');<\/script><\/p>\n<hr \/>\n<p style=\"text-align: center;\"><a class=\"mks_button mks_button_large rounded\" href=\"https:\/\/www.garcia-avocat-paris.fr\/licenciement\/competences-droit-du-travail\/\" target=\"_self\" style=\"color: #FFFFFF; background-color: #420800;\" >Voir nos expertises<\/a>\n\n<div class=\"juiz_sps_links  counters_subtotal juiz_sps_displayed_bottom\" data-post-id=\"301\">\n<p class=\"screen-reader-text juiz_sps_maybe_hidden_text\">Partager la publication \"Accueil\"<\/p>\n\n\t<ul class=\"juiz_sps_links_list juiz_sps_hide_name\" onclick=\"void(0);\"><li class=\"juiz_sps_item juiz_sps_link_facebook\"><a href=\"https:\/\/www.facebook.com\/sharer.php?u=https%3A%2F%2Fwww.garcia-avocat-paris.fr%2Flicenciement%2Fwp-json%2Fwp%2Fv2%2Fpages%2F301\" rel=\"nofollow\"  target=\"_blank\"  title=\"Partager cet article sur Facebook\" class=\"juiz_sps_button\" data-nobs-key=\"facebook\"><span class=\"juiz_sps_icon jsps-facebook\"><\/span><span class=\"juiz_sps_network_name\">Facebook<\/span><\/a><\/li><li class=\"juiz_sps_item juiz_sps_link_twitter\"><a href=\"https:\/\/x.com\/intent\/tweet?source=webclient&#038;original_referer=https%3A%2F%2Fwww.garcia-avocat-paris.fr%2Flicenciement%2Fwp-json%2Fwp%2Fv2%2Fpages%2F301&#038;text=Accueil&#038;url=https%3A%2F%2Fwww.garcia-avocat-paris.fr%2Flicenciement%2Fwp-json%2Fwp%2Fv2%2Fpages%2F301&#038;related=garciaavocat&#038;via=garciaavocat\" rel=\"nofollow\"  target=\"_blank\"  title=\"Partager cet article sur X\" class=\"juiz_sps_button\" data-nobs-key=\"twitter\"><span class=\"juiz_sps_icon jsps-twitter\"><\/span><span class=\"juiz_sps_network_name\">X<\/span><\/a><\/li><li class=\"juiz_sps_item juiz_sps_link_linkedin\"><a href=\"https:\/\/www.linkedin.com\/sharing\/share-offsite\/?url=https%3A%2F%2Fwww.garcia-avocat-paris.fr%2Flicenciement%2Fwp-json%2Fwp%2Fv2%2Fpages%2F301\" rel=\"nofollow\"  target=\"_blank\"  title=\"Partager cet article sur LinkedIn\" class=\"juiz_sps_button\" data-nobs-key=\"linkedin\"><span class=\"juiz_sps_icon jsps-linkedin\"><\/span><span class=\"juiz_sps_network_name\">LinkedIn<\/span><\/a><\/li><\/ul>\n\t<\/div>\n\n\n","protected":false},"excerpt":{"rendered":"<p>Avocat en droit du travail \u00e0 Paris Le d\u00e9veloppement des relations individuelles et collectives en la mati\u00e8re impose une connaissance et un accompagnement en mati\u00e8re de conseil et de contentieux. C\u2019est pourquoi notre cabinet qui a d\u00e9velopp\u00e9 des comp\u00e9tences en droit du travail, en fait, un domaine privil\u00e9gi\u00e9 dans son exercice. Consulter mon profil Avocat.fr<\/p>\n","protected":false},"author":3,"featured_media":0,"parent":0,"menu_order":0,"comment_status":"closed","ping_status":"open","template":"template-home.php","meta":{"inline_featured_image":false,"footnotes":""},"class_list":["post-301","page","type-page","status-publish","hentry"],"yoast_head":"<!-- This site is optimized with the Yoast SEO plugin v27.4 - https:\/\/yoast.com\/product\/yoast-seo-wordpress\/ -->\n<title>Avocat en Licenciement - Avocat du Travail<\/title>\n<meta name=\"description\" content=\"Avocat Licenciement - Droit du Travail pour les particuliers et entreprises: Conseil et contentieux - Cabinet d&#039;Avocat \u00e0 Paris 12\u00e8me\" \/>\n<meta name=\"robots\" content=\"index, follow, max-snippet:-1, max-image-preview:large, max-video-preview:-1\" \/>\n<link rel=\"canonical\" href=\"https:\/\/www.garcia-avocat-paris.fr\/licenciement\/\" \/>\n<meta property=\"og:locale\" content=\"fr_FR\" \/>\n<meta property=\"og:type\" content=\"article\" \/>\n<meta property=\"og:title\" content=\"Avocat en Licenciement - Avocat du Travail\" \/>\n<meta property=\"og:description\" content=\"Avocat Licenciement - Droit du Travail pour les particuliers et entreprises: Conseil et contentieux - Cabinet d&#039;Avocat \u00e0 Paris 12\u00e8me\" \/>\n<meta property=\"og:url\" content=\"https:\/\/www.garcia-avocat-paris.fr\/licenciement\/\" \/>\n<meta property=\"og:site_name\" content=\"Avocat Licenciement - Avocat Droit du Travail | Sarah GARCIA\" \/>\n<meta property=\"article:publisher\" content=\"https:\/\/www.facebook.com\/Cabinet.SG.Avocat.Paris\" \/>\n<meta property=\"article:modified_time\" content=\"2020-05-19T17:19:20+00:00\" \/>\n<meta name=\"twitter:card\" content=\"summary_large_image\" \/>\n<meta name=\"twitter:site\" content=\"@GarciaAvocat\" \/>\n<script type=\"application\/ld+json\" class=\"yoast-schema-graph\">{\"@context\":\"https:\\\/\\\/schema.org\",\"@graph\":[{\"@type\":\"WebPage\",\"@id\":\"https:\\\/\\\/www.garcia-avocat-paris.fr\\\/licenciement\\\/\",\"url\":\"https:\\\/\\\/www.garcia-avocat-paris.fr\\\/licenciement\\\/\",\"name\":\"Avocat en Licenciement - Avocat du Travail\",\"isPartOf\":{\"@id\":\"https:\\\/\\\/www.garcia-avocat-paris.fr\\\/licenciement\\\/#website\"},\"datePublished\":\"2014-09-30T22:41:15+00:00\",\"dateModified\":\"2020-05-19T17:19:20+00:00\",\"description\":\"Avocat Licenciement - Droit du Travail pour les particuliers et entreprises: Conseil et contentieux - Cabinet d'Avocat \u00e0 Paris 12\u00e8me\",\"breadcrumb\":{\"@id\":\"https:\\\/\\\/www.garcia-avocat-paris.fr\\\/licenciement\\\/#breadcrumb\"},\"inLanguage\":\"fr-FR\",\"potentialAction\":[{\"@type\":\"ReadAction\",\"target\":[\"https:\\\/\\\/www.garcia-avocat-paris.fr\\\/licenciement\\\/\"]}]},{\"@type\":\"BreadcrumbList\",\"@id\":\"https:\\\/\\\/www.garcia-avocat-paris.fr\\\/licenciement\\\/#breadcrumb\",\"itemListElement\":[{\"@type\":\"ListItem\",\"position\":1,\"name\":\"Accueil\",\"item\":\"https:\\\/\\\/www.garcia-avocat-paris.fr\\\/licenciement\\\/\"},{\"@type\":\"ListItem\",\"position\":2,\"name\":\"Accueil\"}]},{\"@type\":\"WebSite\",\"@id\":\"https:\\\/\\\/www.garcia-avocat-paris.fr\\\/licenciement\\\/#website\",\"url\":\"https:\\\/\\\/www.garcia-avocat-paris.fr\\\/licenciement\\\/\",\"name\":\"Avocat Licenciement - Avocat Droit du Travail | Sarah GARCIA\",\"description\":\"Avocat du Travail Paris - Le Blog\",\"publisher\":{\"@id\":\"https:\\\/\\\/www.garcia-avocat-paris.fr\\\/licenciement\\\/#organization\"},\"potentialAction\":[{\"@type\":\"SearchAction\",\"target\":{\"@type\":\"EntryPoint\",\"urlTemplate\":\"https:\\\/\\\/www.garcia-avocat-paris.fr\\\/licenciement\\\/?s={search_term_string}\"},\"query-input\":{\"@type\":\"PropertyValueSpecification\",\"valueRequired\":true,\"valueName\":\"search_term_string\"}}],\"inLanguage\":\"fr-FR\"},{\"@type\":\"Organization\",\"@id\":\"https:\\\/\\\/www.garcia-avocat-paris.fr\\\/licenciement\\\/#organization\",\"name\":\"Cabinet SG Avocat\",\"url\":\"https:\\\/\\\/www.garcia-avocat-paris.fr\\\/licenciement\\\/\",\"logo\":{\"@type\":\"ImageObject\",\"inLanguage\":\"fr-FR\",\"@id\":\"https:\\\/\\\/www.garcia-avocat-paris.fr\\\/licenciement\\\/#\\\/schema\\\/logo\\\/image\\\/\",\"url\":\"https:\\\/\\\/www.garcia-avocat-paris.fr\\\/licenciement\\\/wp-content\\\/uploads\\\/2015\\\/03\\\/Logo-du-cabinet-sg-avocat.jpg\",\"contentUrl\":\"https:\\\/\\\/www.garcia-avocat-paris.fr\\\/licenciement\\\/wp-content\\\/uploads\\\/2015\\\/03\\\/Logo-du-cabinet-sg-avocat.jpg\",\"width\":75,\"height\":79,\"caption\":\"Cabinet SG Avocat\"},\"image\":{\"@id\":\"https:\\\/\\\/www.garcia-avocat-paris.fr\\\/licenciement\\\/#\\\/schema\\\/logo\\\/image\\\/\"},\"sameAs\":[\"https:\\\/\\\/www.facebook.com\\\/Cabinet.SG.Avocat.Paris\",\"https:\\\/\\\/x.com\\\/GarciaAvocat\",\"https:\\\/\\\/www.linkedin.com\\\/pub\\\/sarah-garcia\\\/69\\\/24\\\/12b\"]}]}<\/script>\n<!-- \/ Yoast SEO plugin. -->","yoast_head_json":{"title":"Avocat en Licenciement - Avocat du Travail","description":"Avocat Licenciement - Droit du Travail pour les particuliers et entreprises: Conseil et contentieux - Cabinet d'Avocat \u00e0 Paris 12\u00e8me","robots":{"index":"index","follow":"follow","max-snippet":"max-snippet:-1","max-image-preview":"max-image-preview:large","max-video-preview":"max-video-preview:-1"},"canonical":"https:\/\/www.garcia-avocat-paris.fr\/licenciement\/","og_locale":"fr_FR","og_type":"article","og_title":"Avocat en Licenciement - Avocat du Travail","og_description":"Avocat Licenciement - Droit du Travail pour les particuliers et entreprises: Conseil et contentieux - Cabinet d'Avocat \u00e0 Paris 12\u00e8me","og_url":"https:\/\/www.garcia-avocat-paris.fr\/licenciement\/","og_site_name":"Avocat Licenciement - Avocat Droit du Travail | Sarah GARCIA","article_publisher":"https:\/\/www.facebook.com\/Cabinet.SG.Avocat.Paris","article_modified_time":"2020-05-19T17:19:20+00:00","twitter_card":"summary_large_image","twitter_site":"@GarciaAvocat","schema":{"@context":"https:\/\/schema.org","@graph":[{"@type":"WebPage","@id":"https:\/\/www.garcia-avocat-paris.fr\/licenciement\/","url":"https:\/\/www.garcia-avocat-paris.fr\/licenciement\/","name":"Avocat en Licenciement - Avocat du Travail","isPartOf":{"@id":"https:\/\/www.garcia-avocat-paris.fr\/licenciement\/#website"},"datePublished":"2014-09-30T22:41:15+00:00","dateModified":"2020-05-19T17:19:20+00:00","description":"Avocat Licenciement - Droit du Travail pour les particuliers et entreprises: Conseil et contentieux - Cabinet d'Avocat \u00e0 Paris 12\u00e8me","breadcrumb":{"@id":"https:\/\/www.garcia-avocat-paris.fr\/licenciement\/#breadcrumb"},"inLanguage":"fr-FR","potentialAction":[{"@type":"ReadAction","target":["https:\/\/www.garcia-avocat-paris.fr\/licenciement\/"]}]},{"@type":"BreadcrumbList","@id":"https:\/\/www.garcia-avocat-paris.fr\/licenciement\/#breadcrumb","itemListElement":[{"@type":"ListItem","position":1,"name":"Accueil","item":"https:\/\/www.garcia-avocat-paris.fr\/licenciement\/"},{"@type":"ListItem","position":2,"name":"Accueil"}]},{"@type":"WebSite","@id":"https:\/\/www.garcia-avocat-paris.fr\/licenciement\/#website","url":"https:\/\/www.garcia-avocat-paris.fr\/licenciement\/","name":"Avocat Licenciement - Avocat Droit du Travail | Sarah GARCIA","description":"Avocat du Travail Paris - Le Blog","publisher":{"@id":"https:\/\/www.garcia-avocat-paris.fr\/licenciement\/#organization"},"potentialAction":[{"@type":"SearchAction","target":{"@type":"EntryPoint","urlTemplate":"https:\/\/www.garcia-avocat-paris.fr\/licenciement\/?s={search_term_string}"},"query-input":{"@type":"PropertyValueSpecification","valueRequired":true,"valueName":"search_term_string"}}],"inLanguage":"fr-FR"},{"@type":"Organization","@id":"https:\/\/www.garcia-avocat-paris.fr\/licenciement\/#organization","name":"Cabinet SG Avocat","url":"https:\/\/www.garcia-avocat-paris.fr\/licenciement\/","logo":{"@type":"ImageObject","inLanguage":"fr-FR","@id":"https:\/\/www.garcia-avocat-paris.fr\/licenciement\/#\/schema\/logo\/image\/","url":"https:\/\/www.garcia-avocat-paris.fr\/licenciement\/wp-content\/uploads\/2015\/03\/Logo-du-cabinet-sg-avocat.jpg","contentUrl":"https:\/\/www.garcia-avocat-paris.fr\/licenciement\/wp-content\/uploads\/2015\/03\/Logo-du-cabinet-sg-avocat.jpg","width":75,"height":79,"caption":"Cabinet SG Avocat"},"image":{"@id":"https:\/\/www.garcia-avocat-paris.fr\/licenciement\/#\/schema\/logo\/image\/"},"sameAs":["https:\/\/www.facebook.com\/Cabinet.SG.Avocat.Paris","https:\/\/x.com\/GarciaAvocat","https:\/\/www.linkedin.com\/pub\/sarah-garcia\/69\/24\/12b"]}]}},"_links":{"self":[{"href":"https:\/\/www.garcia-avocat-paris.fr\/licenciement\/wp-json\/wp\/v2\/pages\/301","targetHints":{"allow":["GET"]}}],"collection":[{"href":"https:\/\/www.garcia-avocat-paris.fr\/licenciement\/wp-json\/wp\/v2\/pages"}],"about":[{"href":"https:\/\/www.garcia-avocat-paris.fr\/licenciement\/wp-json\/wp\/v2\/types\/page"}],"author":[{"embeddable":true,"href":"https:\/\/www.garcia-avocat-paris.fr\/licenciement\/wp-json\/wp\/v2\/users\/3"}],"replies":[{"embeddable":true,"href":"https:\/\/www.garcia-avocat-paris.fr\/licenciement\/wp-json\/wp\/v2\/comments?post=301"}],"version-history":[{"count":0,"href":"https:\/\/www.garcia-avocat-paris.fr\/licenciement\/wp-json\/wp\/v2\/pages\/301\/revisions"}],"wp:attachment":[{"href":"https:\/\/www.garcia-avocat-paris.fr\/licenciement\/wp-json\/wp\/v2\/media?parent=301"}],"curies":[{"name":"wp","href":"https:\/\/api.w.org\/{rel}","templated":true}]}}

<header></header>
<h2 style="text-align: center;">Avocat en droit du travail à Paris</h2>
<p style="text-align: center;"><strong>Le développement des relations individuelles et collectives en la matière impose une connaissance et un accompagnement en matière de conseil et de contentieux.</strong></p>
<p style="text-align: center;"><strong>C’est pourquoi notre cabinet qui a développé des <a href="https://www.garcia-avocat-paris.fr/licenciement/competences-droit-du-travail/" rel="">compétences en droit du travail, en fait, un domaine privilégié dans son exercice</a>.</strong></p>
<hr />
<p><a class="avocat-consultingwidget " href="https://consultation.avocat.fr/avocat-22449-f86d.html" data-widget-id="961c712fcecffd0bbe9b">Consulter mon profil Avocat.fr</a><script>!function(d,s,id){var js,fjs=d.getElementsByTagName(s)[0];if(!d.getElementById(id)){js=d.createElement(s);js.id=id;js.src='https://consultation.avocat.fr/js/consultingwidget.js';fjs.parentNode.insertBefore(js,fjs);}}(document,'script','avocat-widget');</script></p>
<hr />
<p style="text-align: center;"><a class="mks_button mks_button_large rounded" href="https://www.garcia-avocat-paris.fr/licenciement/competences-droit-du-travail/" target="_self" style="color: #FFFFFF; background-color: #420800;" >Voir nos expertises</a>

<div class="juiz_sps_links  counters_subtotal juiz_sps_displayed_bottom" data-post-id="301">
<p class="screen-reader-text juiz_sps_maybe_hidden_text">Partager la publication "Accueil"</p>

	<ul class="juiz_sps_links_list juiz_sps_hide_name" onclick="void(0);"><li class="juiz_sps_item juiz_sps_link_facebook"><a href="https://www.facebook.com/sharer.php?u=https%3A%2F%2Fwww.garcia-avocat-paris.fr%2Flicenciement%2Fwp-json%2Fwp%2Fv2%2Fpages%2F301" rel="nofollow"  target="_blank"  title="Partager cet article sur Facebook" class="juiz_sps_button" data-nobs-key="facebook"><span class="juiz_sps_icon jsps-facebook"></span><span class="juiz_sps_network_name">Facebook</span></a></li><li class="juiz_sps_item juiz_sps_link_twitter"><a href="https://x.com/intent/tweet?source=webclient&#038;original_referer=https%3A%2F%2Fwww.garcia-avocat-paris.fr%2Flicenciement%2Fwp-json%2Fwp%2Fv2%2Fpages%2F301&#038;text=Accueil&#038;url=https%3A%2F%2Fwww.garcia-avocat-paris.fr%2Flicenciement%2Fwp-json%2Fwp%2Fv2%2Fpages%2F301&#038;related=garciaavocat&#038;via=garciaavocat" rel="nofollow"  target="_blank"  title="Partager cet article sur X" class="juiz_sps_button" data-nobs-key="twitter"><span class="juiz_sps_icon jsps-twitter"></span><span class="juiz_sps_network_name">X</span></a></li><li class="juiz_sps_item juiz_sps_link_linkedin"><a href="https://www.linkedin.com/sharing/share-offsite/?url=https%3A%2F%2Fwww.garcia-avocat-paris.fr%2Flicenciement%2Fwp-json%2Fwp%2Fv2%2Fpages%2F301" rel="nofollow"  target="_blank"  title="Partager cet article sur LinkedIn" class="juiz_sps_button" data-nobs-key="linkedin"><span class="juiz_sps_icon jsps-linkedin"></span><span class="juiz_sps_network_name">LinkedIn</span></a></li></ul>
	</div>

<p>Avocat en droit du travail à Paris Le développement des relations individuelles et collectives en la matière impose une connaissance et un accompagnement en matière de conseil et de contentieux. C’est pourquoi notre cabinet qui a développé des compétences en droit du travail, en fait, un domaine privilégié dans son exercice. Consulter mon profil Avocat.fr</p>

<!-- This site is optimized with the Yoast SEO plugin v27.4 - https://yoast.com/product/yoast-seo-wordpress/ -->
<title>Avocat en Licenciement - Avocat du Travail</title>
<meta name="description" content="Avocat Licenciement - Droit du Travail pour les particuliers et entreprises: Conseil et contentieux - Cabinet d&#039;Avocat à Paris 12ème" />
<meta name="robots" content="index, follow, max-snippet:-1, max-image-preview:large, max-video-preview:-1" />
<link rel="canonical" href="https://www.garcia-avocat-paris.fr/licenciement/" />
<meta property="og:locale" content="fr_FR" />
<meta property="og:type" content="article" />
<meta property="og:title" content="Avocat en Licenciement - Avocat du Travail" />
<meta property="og:description" content="Avocat Licenciement - Droit du Travail pour les particuliers et entreprises: Conseil et contentieux - Cabinet d&#039;Avocat à Paris 12ème" />
<meta property="og:url" content="https://www.garcia-avocat-paris.fr/licenciement/" />
<meta property="og:site_name" content="Avocat Licenciement - Avocat Droit du Travail | Sarah GARCIA" />
<meta property="article:publisher" content="https://www.facebook.com/Cabinet.SG.Avocat.Paris" />
<meta property="article:modified_time" content="2020-05-19T17:19:20+00:00" />
<meta name="twitter:card" content="summary_large_image" />
<meta name="twitter:site" content="@GarciaAvocat" />
<script type="application/ld+json" class="yoast-schema-graph">{"@context":"https:\/\/schema.org","@graph":[{"@type":"WebPage","@id":"https:\/\/www.garcia-avocat-paris.fr\/licenciement\/","url":"https:\/\/www.garcia-avocat-paris.fr\/licenciement\/","name":"Avocat en Licenciement - Avocat du Travail","isPartOf":{"@id":"https:\/\/www.garcia-avocat-paris.fr\/licenciement\/#website"},"datePublished":"2014-09-30T22:41:15+00:00","dateModified":"2020-05-19T17:19:20+00:00","description":"Avocat Licenciement - Droit du Travail pour les particuliers et entreprises: Conseil et contentieux - Cabinet d'Avocat à Paris 12ème","breadcrumb":{"@id":"https:\/\/www.garcia-avocat-paris.fr\/licenciement\/#breadcrumb"},"inLanguage":"fr-FR","potentialAction":[{"@type":"ReadAction","target":["https:\/\/www.garcia-avocat-paris.fr\/licenciement\/"]}]},{"@type":"BreadcrumbList","@id":"https:\/\/www.garcia-avocat-paris.fr\/licenciement\/#breadcrumb","itemListElement":[{"@type":"ListItem","position":1,"name":"Accueil","item":"https:\/\/www.garcia-avocat-paris.fr\/licenciement\/"},{"@type":"ListItem","position":2,"name":"Accueil"}]},{"@type":"WebSite","@id":"https:\/\/www.garcia-avocat-paris.fr\/licenciement\/#website","url":"https:\/\/www.garcia-avocat-paris.fr\/licenciement\/","name":"Avocat Licenciement - Avocat Droit du Travail | Sarah GARCIA","description":"Avocat du Travail Paris - Le Blog","publisher":{"@id":"https:\/\/www.garcia-avocat-paris.fr\/licenciement\/#organization"},"potentialAction":[{"@type":"SearchAction","target":{"@type":"EntryPoint","urlTemplate":"https:\/\/www.garcia-avocat-paris.fr\/licenciement\/?s={search_term_string}"},"query-input":{"@type":"PropertyValueSpecification","valueRequired":true,"valueName":"search_term_string"}}],"inLanguage":"fr-FR"},{"@type":"Organization","@id":"https:\/\/www.garcia-avocat-paris.fr\/licenciement\/#organization","name":"Cabinet SG Avocat","url":"https:\/\/www.garcia-avocat-paris.fr\/licenciement\/","logo":{"@type":"ImageObject","inLanguage":"fr-FR","@id":"https:\/\/www.garcia-avocat-paris.fr\/licenciement\/#\/schema\/logo\/image\/","url":"https:\/\/www.garcia-avocat-paris.fr\/licenciement\/wp-content\/uploads\/2015\/03\/Logo-du-cabinet-sg-avocat.jpg","contentUrl":"https:\/\/www.garcia-avocat-paris.fr\/licenciement\/wp-content\/uploads\/2015\/03\/Logo-du-cabinet-sg-avocat.jpg","width":75,"height":79,"caption":"Cabinet SG Avocat"},"image":{"@id":"https:\/\/www.garcia-avocat-paris.fr\/licenciement\/#\/schema\/logo\/image\/"},"sameAs":["https:\/\/www.facebook.com\/Cabinet.SG.Avocat.Paris","https:\/\/x.com\/GarciaAvocat","https:\/\/www.linkedin.com\/pub\/sarah-garcia\/69\/24\/12b"]}]}</script>
<!-- / Yoast SEO plugin. -->

Avocat Licenciement - Droit du Travail pour les particuliers et entreprises: Conseil et contentieux - Cabinet d'Avocat à Paris 12ème
