{"id":294,"date":"2014-09-30T23:19:20","date_gmt":"2014-09-30T22:19:20","guid":{"rendered":"https:\/\/www.garcia-avocat-paris.fr\/licenciement?page_id=294"},"modified":"2024-03-09T22:34:30","modified_gmt":"2024-03-09T21:34:30","slug":"mentions-legales","status":"publish","type":"page","link":"https:\/\/www.garcia-avocat-paris.fr\/licenciement\/mentions-legales\/","title":{"rendered":"Mentions L\u00e9gales"},"content":{"rendered":"<h2>Publication :<\/h2>\n<p style=\"text-align: justify;\">La direction de la publication du site est assur\u00e9e par le Ma\u00eetre Sarah garcia (Siret : 791 609 977 00024 \u2013 Code APE : 6910Z &#8211; n\u00b0 de TVA intracommunautaire :\u00a0 FR 89 791609977)<\/p>\n<h2 style=\"text-align: justify;\">H\u00e9bergement :<\/h2>\n<p style=\"text-align: justify;\">Le Site est h\u00e9berg\u00e9 par la soci\u00e9t\u00e9 OVH, SAS au capital de 10 000 000 \u20ac \u2013 RCS Roubaix-Tourcoing 424 761 419 00045 \u2013 Code APE 6202A<br \/>\nN\u00b0TVA FR 22-424-761-419-00045, 2 rue kellermann, BP 80157 \u2013 59053 ROUBAIX CEDEX 1 \u2013 France.<br \/>\nHotline: 0 899 701 761<br \/>\nEmail: support@ovh.com \u2013 Web : www.ovh.com<\/p>\n<h2>Conception et r\u00e9alisation du site :<\/h2>\n<p><a href=\"#\" rel=\"noopener noreferrer\"><img decoding=\"async\" class=\"aligncenter wp-image-25596 size-full\" src=\"https:\/\/www.garcia-avocat-paris.fr\/licenciement\/wp-content\/uploads\/2020\/09\/logo_ouria.png\" alt=\"Logo du d\u00e9veloppeur web qui a fait le site\" width=\"150\" height=\"150\" srcset=\"https:\/\/www.garcia-avocat-paris.fr\/licenciement\/wp-content\/uploads\/2020\/09\/logo_ouria.png 150w, https:\/\/www.garcia-avocat-paris.fr\/licenciement\/wp-content\/uploads\/2020\/09\/logo_ouria-100x100.png 100w\" sizes=\"(max-width: 150px) 100vw, 150px\" \/><\/a><\/p>\n<h2>Protection des droits intellectuels du site :<\/h2>\n<p style=\"text-align: justify;\">Le site internet ainsi que l\u2019ensemble des droits y aff\u00e9rents est la propri\u00e9t\u00e9 exclusive et en sa totalit\u00e9 \u00e0 Ma\u00eetre Sarah Garcia. Toute repr\u00e9sentation totale ou partielle de ce site par quelque proc\u00e9d\u00e9 que ce soit, sans l\u2019autorisation expresse de l\u2019exploitant du site Internet, est interdite et constituerait une contrefa\u00e7on sanctionn\u00e9e par les articles L 335-2 et suivants du Code de la propri\u00e9t\u00e9 intellectuelle.<br \/>\nConform\u00e9ment \u00e0 la Loi n\u00b0 2000-230 du 13\/03\/2000, portant adaptation du droit de la preuve aux technologies de l\u2019information et relative \u00e0 la signature \u00e9lectronique, l\u2019int\u00e9gralit\u00e9 du contenu des pages du site sont la propri\u00e9t\u00e9 de Ma\u00eetre Sarah Garcia ci-dessus d\u00e9sign\u00e9e.<br \/>\nToutes les informations ainsi que le contenu de chacune des pages de ce site rel\u00e8vent des l\u00e9gislations fran\u00e7aises et internationales sur les droits d\u2019auteur et de la propri\u00e9t\u00e9 intellectuelle. Tous les droits de reproduction sont r\u00e9serv\u00e9s.<br \/>\nToute reproduction int\u00e9grale ou partielle, faite sans l\u2019accord \u00e9crit \u00e0 Me Garcia est Strictement interdite (art.L 335-2 et suivants du Code de la propri\u00e9t\u00e9 intellectuelle).<br \/>\nE-mail : sarah.garcia@avocat.fr<\/p>\n","protected":false},"excerpt":{"rendered":"<p>Publication : La direction de la publication du site est assur\u00e9e par le Ma\u00eetre Sarah garcia (Siret : 791 609 977 00024 \u2013 Code APE : 6910Z &#8211; n\u00b0 de TVA intracommunautaire :\u00a0 FR 89 791609977) H\u00e9bergement : Le Site est h\u00e9berg\u00e9 par la soci\u00e9t\u00e9 OVH, SAS au capital de 10 000 000 \u20ac \u2013 [&hellip;]<\/p>\n","protected":false},"author":3,"featured_media":0,"parent":0,"menu_order":0,"comment_status":"closed","ping_status":"open","template":"","meta":{"inline_featured_image":false,"footnotes":""},"class_list":["post-294","page","type-page","status-publish","hentry"],"yoast_head":"<!-- This site is optimized with the Yoast SEO plugin v27.4 - https:\/\/yoast.com\/product\/yoast-seo-wordpress\/ -->\n<title>Page Mentions L\u00e9gales du site - Avocat du Travail le Blog<\/title>\n<meta name=\"description\" content=\"Mentions L\u00e9gales: Publication, h\u00e9bergement, conception et protection intellectuels du blog Avocat du travail - Propri\u00e9t\u00e9 du Cabinet SG Avovat\" \/>\n<meta name=\"robots\" content=\"index, follow, max-snippet:-1, max-image-preview:large, max-video-preview:-1\" \/>\n<link rel=\"canonical\" href=\"https:\/\/www.garcia-avocat-paris.fr\/licenciement\/mentions-legales\/\" \/>\n<meta property=\"og:locale\" content=\"fr_FR\" \/>\n<meta property=\"og:type\" content=\"article\" \/>\n<meta property=\"og:title\" content=\"Page Mentions L\u00e9gales du site - Avocat du Travail le Blog\" \/>\n<meta property=\"og:description\" content=\"Mentions L\u00e9gales: Publication, h\u00e9bergement, conception et protection intellectuels du blog Avocat du travail - Propri\u00e9t\u00e9 du Cabinet SG Avovat\" \/>\n<meta property=\"og:url\" content=\"https:\/\/www.garcia-avocat-paris.fr\/licenciement\/mentions-legales\/\" \/>\n<meta property=\"og:site_name\" content=\"Avocat Licenciement - Avocat Droit du Travail | Sarah GARCIA\" \/>\n<meta property=\"article:publisher\" content=\"https:\/\/www.facebook.com\/Cabinet.SG.Avocat.Paris\" \/>\n<meta property=\"article:modified_time\" content=\"2024-03-09T21:34:30+00:00\" \/>\n<meta property=\"og:image\" content=\"https:\/\/www.garcia-avocat-paris.fr\/licenciement\/wp-content\/uploads\/2020\/09\/logo_ouria.png\" \/>\n<meta name=\"twitter:card\" content=\"summary_large_image\" \/>\n<meta name=\"twitter:site\" content=\"@GarciaAvocat\" \/>\n<meta name=\"twitter:label1\" content=\"Dur\u00e9e de lecture estim\u00e9e\" \/>\n\t<meta name=\"twitter:data1\" content=\"2 minutes\" \/>\n<script type=\"application\/ld+json\" class=\"yoast-schema-graph\">{\"@context\":\"https:\\\/\\\/schema.org\",\"@graph\":[{\"@type\":\"WebPage\",\"@id\":\"https:\\\/\\\/www.garcia-avocat-paris.fr\\\/licenciement\\\/mentions-legales\\\/\",\"url\":\"https:\\\/\\\/www.garcia-avocat-paris.fr\\\/licenciement\\\/mentions-legales\\\/\",\"name\":\"Page Mentions L\u00e9gales du site - Avocat du Travail le Blog\",\"isPartOf\":{\"@id\":\"https:\\\/\\\/www.garcia-avocat-paris.fr\\\/licenciement\\\/#website\"},\"primaryImageOfPage\":{\"@id\":\"https:\\\/\\\/www.garcia-avocat-paris.fr\\\/licenciement\\\/mentions-legales\\\/#primaryimage\"},\"image\":{\"@id\":\"https:\\\/\\\/www.garcia-avocat-paris.fr\\\/licenciement\\\/mentions-legales\\\/#primaryimage\"},\"thumbnailUrl\":\"https:\\\/\\\/www.garcia-avocat-paris.fr\\\/licenciement\\\/wp-content\\\/uploads\\\/2020\\\/09\\\/logo_ouria.png\",\"datePublished\":\"2014-09-30T22:19:20+00:00\",\"dateModified\":\"2024-03-09T21:34:30+00:00\",\"description\":\"Mentions L\u00e9gales: Publication, h\u00e9bergement, conception et protection intellectuels du blog Avocat du travail - Propri\u00e9t\u00e9 du Cabinet SG Avovat\",\"breadcrumb\":{\"@id\":\"https:\\\/\\\/www.garcia-avocat-paris.fr\\\/licenciement\\\/mentions-legales\\\/#breadcrumb\"},\"inLanguage\":\"fr-FR\",\"potentialAction\":[{\"@type\":\"ReadAction\",\"target\":[\"https:\\\/\\\/www.garcia-avocat-paris.fr\\\/licenciement\\\/mentions-legales\\\/\"]}]},{\"@type\":\"ImageObject\",\"inLanguage\":\"fr-FR\",\"@id\":\"https:\\\/\\\/www.garcia-avocat-paris.fr\\\/licenciement\\\/mentions-legales\\\/#primaryimage\",\"url\":\"https:\\\/\\\/www.garcia-avocat-paris.fr\\\/licenciement\\\/wp-content\\\/uploads\\\/2020\\\/09\\\/logo_ouria.png\",\"contentUrl\":\"https:\\\/\\\/www.garcia-avocat-paris.fr\\\/licenciement\\\/wp-content\\\/uploads\\\/2020\\\/09\\\/logo_ouria.png\",\"width\":150,\"height\":150,\"caption\":\"Logo du d\u00e9veloppeur web qui a fait le site\"},{\"@type\":\"BreadcrumbList\",\"@id\":\"https:\\\/\\\/www.garcia-avocat-paris.fr\\\/licenciement\\\/mentions-legales\\\/#breadcrumb\",\"itemListElement\":[{\"@type\":\"ListItem\",\"position\":1,\"name\":\"Accueil\",\"item\":\"https:\\\/\\\/www.garcia-avocat-paris.fr\\\/licenciement\\\/\"},{\"@type\":\"ListItem\",\"position\":2,\"name\":\"Mentions L\u00e9gales\"}]},{\"@type\":\"WebSite\",\"@id\":\"https:\\\/\\\/www.garcia-avocat-paris.fr\\\/licenciement\\\/#website\",\"url\":\"https:\\\/\\\/www.garcia-avocat-paris.fr\\\/licenciement\\\/\",\"name\":\"Avocat Licenciement - Avocat Droit du Travail | Sarah GARCIA\",\"description\":\"Avocat du Travail Paris - Le Blog\",\"publisher\":{\"@id\":\"https:\\\/\\\/www.garcia-avocat-paris.fr\\\/licenciement\\\/#organization\"},\"potentialAction\":[{\"@type\":\"SearchAction\",\"target\":{\"@type\":\"EntryPoint\",\"urlTemplate\":\"https:\\\/\\\/www.garcia-avocat-paris.fr\\\/licenciement\\\/?s={search_term_string}\"},\"query-input\":{\"@type\":\"PropertyValueSpecification\",\"valueRequired\":true,\"valueName\":\"search_term_string\"}}],\"inLanguage\":\"fr-FR\"},{\"@type\":\"Organization\",\"@id\":\"https:\\\/\\\/www.garcia-avocat-paris.fr\\\/licenciement\\\/#organization\",\"name\":\"Cabinet SG Avocat\",\"url\":\"https:\\\/\\\/www.garcia-avocat-paris.fr\\\/licenciement\\\/\",\"logo\":{\"@type\":\"ImageObject\",\"inLanguage\":\"fr-FR\",\"@id\":\"https:\\\/\\\/www.garcia-avocat-paris.fr\\\/licenciement\\\/#\\\/schema\\\/logo\\\/image\\\/\",\"url\":\"https:\\\/\\\/www.garcia-avocat-paris.fr\\\/licenciement\\\/wp-content\\\/uploads\\\/2015\\\/03\\\/Logo-du-cabinet-sg-avocat.jpg\",\"contentUrl\":\"https:\\\/\\\/www.garcia-avocat-paris.fr\\\/licenciement\\\/wp-content\\\/uploads\\\/2015\\\/03\\\/Logo-du-cabinet-sg-avocat.jpg\",\"width\":75,\"height\":79,\"caption\":\"Cabinet SG Avocat\"},\"image\":{\"@id\":\"https:\\\/\\\/www.garcia-avocat-paris.fr\\\/licenciement\\\/#\\\/schema\\\/logo\\\/image\\\/\"},\"sameAs\":[\"https:\\\/\\\/www.facebook.com\\\/Cabinet.SG.Avocat.Paris\",\"https:\\\/\\\/x.com\\\/GarciaAvocat\",\"https:\\\/\\\/www.linkedin.com\\\/pub\\\/sarah-garcia\\\/69\\\/24\\\/12b\"]}]}<\/script>\n<!-- \/ Yoast SEO plugin. -->","yoast_head_json":{"title":"Page Mentions L\u00e9gales du site - Avocat du Travail le Blog","description":"Mentions L\u00e9gales: Publication, h\u00e9bergement, conception et protection intellectuels du blog Avocat du travail - Propri\u00e9t\u00e9 du Cabinet SG Avovat","robots":{"index":"index","follow":"follow","max-snippet":"max-snippet:-1","max-image-preview":"max-image-preview:large","max-video-preview":"max-video-preview:-1"},"canonical":"https:\/\/www.garcia-avocat-paris.fr\/licenciement\/mentions-legales\/","og_locale":"fr_FR","og_type":"article","og_title":"Page Mentions L\u00e9gales du site - Avocat du Travail le Blog","og_description":"Mentions L\u00e9gales: Publication, h\u00e9bergement, conception et protection intellectuels du blog Avocat du travail - Propri\u00e9t\u00e9 du Cabinet SG Avovat","og_url":"https:\/\/www.garcia-avocat-paris.fr\/licenciement\/mentions-legales\/","og_site_name":"Avocat Licenciement - Avocat Droit du Travail | Sarah GARCIA","article_publisher":"https:\/\/www.facebook.com\/Cabinet.SG.Avocat.Paris","article_modified_time":"2024-03-09T21:34:30+00:00","og_image":[{"url":"https:\/\/www.garcia-avocat-paris.fr\/licenciement\/wp-content\/uploads\/2020\/09\/logo_ouria.png","type":"","width":"","height":""}],"twitter_card":"summary_large_image","twitter_site":"@GarciaAvocat","twitter_misc":{"Dur\u00e9e de lecture estim\u00e9e":"2 minutes"},"schema":{"@context":"https:\/\/schema.org","@graph":[{"@type":"WebPage","@id":"https:\/\/www.garcia-avocat-paris.fr\/licenciement\/mentions-legales\/","url":"https:\/\/www.garcia-avocat-paris.fr\/licenciement\/mentions-legales\/","name":"Page Mentions L\u00e9gales du site - Avocat du Travail le Blog","isPartOf":{"@id":"https:\/\/www.garcia-avocat-paris.fr\/licenciement\/#website"},"primaryImageOfPage":{"@id":"https:\/\/www.garcia-avocat-paris.fr\/licenciement\/mentions-legales\/#primaryimage"},"image":{"@id":"https:\/\/www.garcia-avocat-paris.fr\/licenciement\/mentions-legales\/#primaryimage"},"thumbnailUrl":"https:\/\/www.garcia-avocat-paris.fr\/licenciement\/wp-content\/uploads\/2020\/09\/logo_ouria.png","datePublished":"2014-09-30T22:19:20+00:00","dateModified":"2024-03-09T21:34:30+00:00","description":"Mentions L\u00e9gales: Publication, h\u00e9bergement, conception et protection intellectuels du blog Avocat du travail - Propri\u00e9t\u00e9 du Cabinet SG Avovat","breadcrumb":{"@id":"https:\/\/www.garcia-avocat-paris.fr\/licenciement\/mentions-legales\/#breadcrumb"},"inLanguage":"fr-FR","potentialAction":[{"@type":"ReadAction","target":["https:\/\/www.garcia-avocat-paris.fr\/licenciement\/mentions-legales\/"]}]},{"@type":"ImageObject","inLanguage":"fr-FR","@id":"https:\/\/www.garcia-avocat-paris.fr\/licenciement\/mentions-legales\/#primaryimage","url":"https:\/\/www.garcia-avocat-paris.fr\/licenciement\/wp-content\/uploads\/2020\/09\/logo_ouria.png","contentUrl":"https:\/\/www.garcia-avocat-paris.fr\/licenciement\/wp-content\/uploads\/2020\/09\/logo_ouria.png","width":150,"height":150,"caption":"Logo du d\u00e9veloppeur web qui a fait le site"},{"@type":"BreadcrumbList","@id":"https:\/\/www.garcia-avocat-paris.fr\/licenciement\/mentions-legales\/#breadcrumb","itemListElement":[{"@type":"ListItem","position":1,"name":"Accueil","item":"https:\/\/www.garcia-avocat-paris.fr\/licenciement\/"},{"@type":"ListItem","position":2,"name":"Mentions L\u00e9gales"}]},{"@type":"WebSite","@id":"https:\/\/www.garcia-avocat-paris.fr\/licenciement\/#website","url":"https:\/\/www.garcia-avocat-paris.fr\/licenciement\/","name":"Avocat Licenciement - Avocat Droit du Travail | Sarah GARCIA","description":"Avocat du Travail Paris - Le Blog","publisher":{"@id":"https:\/\/www.garcia-avocat-paris.fr\/licenciement\/#organization"},"potentialAction":[{"@type":"SearchAction","target":{"@type":"EntryPoint","urlTemplate":"https:\/\/www.garcia-avocat-paris.fr\/licenciement\/?s={search_term_string}"},"query-input":{"@type":"PropertyValueSpecification","valueRequired":true,"valueName":"search_term_string"}}],"inLanguage":"fr-FR"},{"@type":"Organization","@id":"https:\/\/www.garcia-avocat-paris.fr\/licenciement\/#organization","name":"Cabinet SG Avocat","url":"https:\/\/www.garcia-avocat-paris.fr\/licenciement\/","logo":{"@type":"ImageObject","inLanguage":"fr-FR","@id":"https:\/\/www.garcia-avocat-paris.fr\/licenciement\/#\/schema\/logo\/image\/","url":"https:\/\/www.garcia-avocat-paris.fr\/licenciement\/wp-content\/uploads\/2015\/03\/Logo-du-cabinet-sg-avocat.jpg","contentUrl":"https:\/\/www.garcia-avocat-paris.fr\/licenciement\/wp-content\/uploads\/2015\/03\/Logo-du-cabinet-sg-avocat.jpg","width":75,"height":79,"caption":"Cabinet SG Avocat"},"image":{"@id":"https:\/\/www.garcia-avocat-paris.fr\/licenciement\/#\/schema\/logo\/image\/"},"sameAs":["https:\/\/www.facebook.com\/Cabinet.SG.Avocat.Paris","https:\/\/x.com\/GarciaAvocat","https:\/\/www.linkedin.com\/pub\/sarah-garcia\/69\/24\/12b"]}]}},"_links":{"self":[{"href":"https:\/\/www.garcia-avocat-paris.fr\/licenciement\/wp-json\/wp\/v2\/pages\/294","targetHints":{"allow":["GET"]}}],"collection":[{"href":"https:\/\/www.garcia-avocat-paris.fr\/licenciement\/wp-json\/wp\/v2\/pages"}],"about":[{"href":"https:\/\/www.garcia-avocat-paris.fr\/licenciement\/wp-json\/wp\/v2\/types\/page"}],"author":[{"embeddable":true,"href":"https:\/\/www.garcia-avocat-paris.fr\/licenciement\/wp-json\/wp\/v2\/users\/3"}],"replies":[{"embeddable":true,"href":"https:\/\/www.garcia-avocat-paris.fr\/licenciement\/wp-json\/wp\/v2\/comments?post=294"}],"version-history":[{"count":0,"href":"https:\/\/www.garcia-avocat-paris.fr\/licenciement\/wp-json\/wp\/v2\/pages\/294\/revisions"}],"wp:attachment":[{"href":"https:\/\/www.garcia-avocat-paris.fr\/licenciement\/wp-json\/wp\/v2\/media?parent=294"}],"curies":[{"name":"wp","href":"https:\/\/api.w.org\/{rel}","templated":true}]}}