{"id":2012,"date":"2018-05-31T10:12:46","date_gmt":"2018-05-31T09:12:46","guid":{"rendered":"https:\/\/www.garcia-avocat-paris.fr\/licenciement\/?page_id=2012"},"modified":"2024-03-09T22:36:01","modified_gmt":"2024-03-09T21:36:01","slug":"mentions-cookies","status":"publish","type":"page","link":"https:\/\/www.garcia-avocat-paris.fr\/licenciement\/mentions-cookies\/","title":{"rendered":"Mentions sur les cookies"},"content":{"rendered":"<h2>POLITIQUE CONCERNANT LES COOKIES<\/h2>\n<p style=\"text-align: right;\"><em><span style=\"color: #000000;\"><span style=\"font-family: Georgia, 'Times New Roman', 'Bitstream Charter', Times, serif;\"><span style=\"font-size: large;\">Derni\u00e8re mise \u00e0 jour le 19\/05\/2020<\/span><\/span><\/span><\/em><\/p>\n<p><strong><u>Avertissement<\/u><\/strong><\/p>\n<p style=\"text-align: justify;\">Vous devez savoir que si des cookies sont d\u00e9sactiv\u00e9s ou supprim\u00e9s, toutes les fonctionnalit\u00e9s du site pourront ne pas fonctionner normalement, par exemple vous pourriez \u00eatre dans l\u2019incapacit\u00e9 de visiter certaines parties de notre site.<\/p>\n<p style=\"text-align: center;\"><span style=\"color: #993300;\">Vous pouvez g\u00e9rer vos param\u00e8tres de cookies en cliquant ici :<\/span>\u00a0[gdpr_preferences text=&#8221;Pr\u00e9f\u00e9rences&#8221;]\n<h3><u>Article 1 &#8211; Qu&#8217;est-ce qu&#8217;un cookie ?<\/u><\/h3>\n<p style=\"text-align: justify;\">Les cookies sont de petits morceaux de code g\u00e9n\u00e9r\u00e9 automatiquement et stock\u00e9s sur votre ordinateur ou appareil portable lorsque vous visitez un site internet. Les cookies sont utiliser principalement pour des raisons de collectes diverses de donner d\u2019utilisation sur la navigation. Les cookies permettent certaines fonctionnalit\u00e9s et peuvent par exemple rendre les sites internet plus efficaces et plus rapide. Ils contiennent normalement le nom du site web d\u2019o\u00f9 ils proviennent, leur \u00ab dur\u00e9e de vie \u00bb et une valeur unique auto-g\u00e9n\u00e9r\u00e9.<\/p>\n<h3><u>Article 2 &#8211; Pour quelles raisons utilise t&#8217;on des cookies sur notre site ?<\/u><\/h3>\n<h4>1) La navigation<\/h4>\n<p style=\"text-align: justify;\">Le site peut collecter automatiquement des informations standards. Ils ne contiennent aucune information nominative.<\/p>\n<p style=\"text-align: justify;\">Toutes les informations collect\u00e9es indirectement ne seront utilis\u00e9es que pour am\u00e9liorer le service que nous vous offrons.<\/p>\n<p style=\"text-align: justify;\">Nos cookies permettent de m\u00e9moriser les informations utiles pour vous permettre de naviguer sur notre site.<\/p>\n<h4>2) La s\u00e9curit\u00e9<\/h4>\n<p style=\"text-align: justify;\">Le site utilise des cookies de s\u00e9curit\u00e9 afin de renforcer la s\u00e9curit\u00e9 d\u2019analyse et d\u2019identifier des comportements \u00e0 risque pour le site.<\/p>\n<h3><u>Article 3 &#8211; Quels cookies utilisons-nous ?<\/u><\/h3>\n<table style=\"height: 928px;\" width=\"613\">\n<thead>\n<tr style=\"height: 23px;\">\n<td style=\"height: 23px; width: 136px;\"><strong><span style=\"vertical-align: inherit;\"><span style=\"vertical-align: inherit;\">COOKIE<\/span><\/span><\/strong><\/td>\n<td style=\"height: 23px; width: 109px;\"><strong>TYPE<\/strong><\/td>\n<td style=\"height: 23px; width: 152px;\"><strong><span style=\"vertical-align: inherit;\"><span style=\"vertical-align: inherit;\">DUR\u00c9E<\/span><\/span><\/strong><\/td>\n<td style=\"height: 23px; width: 234px;\"><strong>DESCRIPTION<\/strong><\/td>\n<\/tr>\n<\/thead>\n<tbody>\n<tr style=\"height: 47px;\">\n<td style=\"height: 47px; width: 136px;\"><span style=\"vertical-align: inherit;\"><span style=\"vertical-align: inherit;\">PHPSESSID<\/span><\/span><\/td>\n<td style=\"height: 47px; width: 109px;\"><span style=\"vertical-align: inherit;\"><span style=\"vertical-align: inherit;\">persistant<\/span><\/span><\/td>\n<td style=\"height: 47px; width: 152px;\">illimit\u00e9<\/td>\n<td style=\"height: 47px; width: 234px;\">PHP utilise ce cookie pour suivre les identifications de sessions.<\/td>\n<\/tr>\n<tr style=\"height: 23px;\">\n<td style=\"height: 23px; width: 136px;\"><span style=\"vertical-align: inherit;\"><span style=\"vertical-align: inherit;\">gdpr<\/span><\/span><\/td>\n<td style=\"height: 23px; width: 109px;\"><span style=\"vertical-align: inherit;\"><span style=\"vertical-align: inherit;\">persistant<\/span><\/span><\/td>\n<td style=\"height: 23px; width: 152px;\"><span style=\"vertical-align: inherit;\"><span style=\"vertical-align: inherit;\">illimit\u00e9<\/span><\/span><\/td>\n<td style=\"height: 23px; width: 234px;\">Cookie permettant le consentement de la politique rgpd<\/td>\n<\/tr>\n<tr style=\"height: 47px;\">\n<td style=\"height: 47px; width: 136px;\"><span style=\"vertical-align: inherit;\"><span style=\"vertical-align: inherit;\">starBAK<\/span><\/span><\/td>\n<td style=\"height: 47px; width: 109px;\"><span style=\"vertical-align: inherit;\"><span style=\"vertical-align: inherit;\">tierce personne<\/span><\/span><\/td>\n<td style=\"height: 47px; width: 152px;\"><span style=\"vertical-align: inherit;\"><span style=\"vertical-align: inherit;\">24h<\/span><\/span><\/td>\n<td style=\"height: 47px; width: 234px;\">Cookie de la soci\u00e9t\u00e9 OVH permettant d&#8217;identifier les t\u00e9l\u00e9chargements de fichiers PDF, ZIP&#8230; trop volumineux.<\/td>\n<\/tr>\n<tr style=\"height: 47px;\">\n<td style=\"height: 47px; width: 136px;\">start<\/td>\n<td style=\"height: 47px; width: 109px;\">session<\/td>\n<td style=\"height: 47px; width: 152px;\">24h<\/td>\n<td style=\"height: 47px; width: 234px;\">Cookie d\u2019h\u00e9bergement du site par OVH<\/td>\n<\/tr>\n<tr style=\"height: 79px;\">\n<td style=\"height: 79px; width: 136px;\">xxplan<\/td>\n<td style=\"height: 79px; width: 109px;\">session<\/td>\n<td style=\"height: 79px; width: 152px;\">1 minute<\/td>\n<td style=\"height: 79px; width: 234px;\">Cookie d\u2019h\u00e9bergement du site par OVH permettant au visiteur d&#8217;\u00eatre sur un serveur sp\u00e9cifique<\/td>\n<\/tr>\n<tr style=\"height: 47px;\">\n<td style=\"height: 47px; width: 136px;\">xxplanBAK<\/td>\n<td style=\"height: 47px; width: 109px;\">session<\/td>\n<td style=\"height: 47px; width: 152px;\">1 minute<\/td>\n<td style=\"height: 47px; width: 234px;\">Cookie d\u2019h\u00e9bergement du site par OVH permettant au visiteur de retomber sur le m\u00eame serveur sp\u00e9cifique<\/td>\n<\/tr>\n<\/tbody>\n<\/table>\n<h3><u>Article 4 &#8211; Param\u00e9trage des cookies<\/u><\/h3>\n<p>Vous avez la possibilit\u00e9 \u00e0 tous moment d&#8217;afficher \u00e0 nouveau la bande d&#8217;acceptation des cookies et de changer d&#8217;avis. [gdpr_preferences text=&#8221;ICI&#8221;]\n<p>Quelques lien utile pour modifier vos param\u00e8tre via votre navigateur :<\/p>\n<ul>\n<li><span style=\"color: #000000;\">Pour Chrome&#x2122; :\u00a0<span style=\"color: #ff9900;\"><a style=\"color: #ff9900;\" href=\"https:\/\/support.google.com\/chrome\/bin\/answer.py?hl=fr&amp;hlrm=en&amp;answer=95647\" target=\"_blank\" rel=\"noopener noreferrer\">https:\/\/support.google.com\/chrome\/bin\/answer.py?hl=fr&amp;hlrm=en&amp;answer=95647<\/a><\/span>\u00a0,<\/span><\/li>\n<li><span style=\"color: #000000;\">Pour Firefox&#x2122; :\u00a0<span style=\"color: #ff9900;\"><a style=\"color: #ff9900;\" href=\"http:\/\/support.mozilla.org\/fr\/kb\/Activer%20et%20d%C3%A9sactiver%20les%20cookies\" target=\"_blank\" rel=\"noopener noreferrer\">https:\/\/support.mozilla.org\/fr\/kb\/Activer%20et%20d%C3%A9sactiver%20les%20cookies<\/a><\/span>\u00a0,<\/span><\/li>\n<li><span style=\"color: #000000;\">Pour Internet Explorer&#x2122; :\u00a0<span style=\"color: #ff9900;\"><a style=\"color: #ff9900;\" href=\"https:\/\/windows.microsoft.com\/fr-FR\/windows-vista\/Block-or-allow-cookies\" target=\"_blank\" rel=\"noopener noreferrer\">https:\/\/windows.microsoft.com\/fr-FR\/windows-vista\/Block-or-allow-cookies<\/a><\/span>\u00a0.<\/span><\/li>\n<\/ul>\n<p>Enfin plus globalement vous pouvez vous opposer au d\u00e9p\u00f4t des cookies via ce site : <a href=\"http:\/\/www.youronlinechoices.com\/fr\/controler-ses-cookies\/\"><span style=\"color: #ffcc00;\">Contr\u00f4ler ses cookies<\/span><\/a><\/p>\n","protected":false},"excerpt":{"rendered":"<p>POLITIQUE CONCERNANT LES COOKIES Derni\u00e8re mise \u00e0 jour le 19\/05\/2020 Avertissement Vous devez savoir que si des cookies sont d\u00e9sactiv\u00e9s ou supprim\u00e9s, toutes les fonctionnalit\u00e9s du site pourront ne pas fonctionner normalement, par exemple vous pourriez \u00eatre dans l\u2019incapacit\u00e9 de visiter certaines parties de notre site. Vous pouvez g\u00e9rer vos param\u00e8tres de cookies en cliquant [&hellip;]<\/p>\n","protected":false},"author":4,"featured_media":0,"parent":0,"menu_order":0,"comment_status":"closed","ping_status":"closed","template":"","meta":{"inline_featured_image":false,"footnotes":""},"class_list":["post-2012","page","type-page","status-publish","hentry"],"yoast_head":"<!-- This site is optimized with the Yoast SEO plugin v27.4 - https:\/\/yoast.com\/product\/yoast-seo-wordpress\/ -->\n<title>Mentions sur les cookies du blog du cabinet de ma\u00eetre Garcia Sarah<\/title>\n<meta name=\"description\" content=\"POLITIQUE CONCERNANT LES COOKIES - Les cookies sont de petits morceaux de code g\u00e9n\u00e9r\u00e9 automatiquement et stock\u00e9s sur votre ordinateur ou appareil portable lorsque vous visitez un site internet.\" \/>\n<meta name=\"robots\" content=\"index, follow, max-snippet:-1, max-image-preview:large, max-video-preview:-1\" \/>\n<link rel=\"canonical\" href=\"https:\/\/www.garcia-avocat-paris.fr\/licenciement\/mentions-cookies\/\" \/>\n<meta property=\"og:locale\" content=\"fr_FR\" \/>\n<meta property=\"og:type\" content=\"article\" \/>\n<meta property=\"og:title\" content=\"Mentions sur les cookies du blog du cabinet de ma\u00eetre Garcia Sarah\" \/>\n<meta property=\"og:description\" content=\"POLITIQUE CONCERNANT LES COOKIES - Les cookies sont de petits morceaux de code g\u00e9n\u00e9r\u00e9 automatiquement et stock\u00e9s sur votre ordinateur ou appareil portable lorsque vous visitez un site internet.\" \/>\n<meta property=\"og:url\" content=\"https:\/\/www.garcia-avocat-paris.fr\/licenciement\/mentions-cookies\/\" \/>\n<meta property=\"og:site_name\" content=\"Avocat Licenciement - Avocat Droit du Travail | Sarah GARCIA\" \/>\n<meta property=\"article:publisher\" content=\"https:\/\/www.facebook.com\/Cabinet.SG.Avocat.Paris\" \/>\n<meta property=\"article:modified_time\" content=\"2024-03-09T21:36:01+00:00\" \/>\n<meta name=\"twitter:card\" content=\"summary_large_image\" \/>\n<meta name=\"twitter:site\" content=\"@GarciaAvocat\" \/>\n<meta name=\"twitter:label1\" content=\"Dur\u00e9e de lecture estim\u00e9e\" \/>\n\t<meta name=\"twitter:data1\" content=\"3 minutes\" \/>\n<script type=\"application\/ld+json\" class=\"yoast-schema-graph\">{\"@context\":\"https:\\\/\\\/schema.org\",\"@graph\":[{\"@type\":\"WebPage\",\"@id\":\"https:\\\/\\\/www.garcia-avocat-paris.fr\\\/licenciement\\\/mentions-cookies\\\/\",\"url\":\"https:\\\/\\\/www.garcia-avocat-paris.fr\\\/licenciement\\\/mentions-cookies\\\/\",\"name\":\"Mentions sur les cookies du blog du cabinet de ma\u00eetre Garcia Sarah\",\"isPartOf\":{\"@id\":\"https:\\\/\\\/www.garcia-avocat-paris.fr\\\/licenciement\\\/#website\"},\"datePublished\":\"2018-05-31T09:12:46+00:00\",\"dateModified\":\"2024-03-09T21:36:01+00:00\",\"description\":\"POLITIQUE CONCERNANT LES COOKIES - Les cookies sont de petits morceaux de code g\u00e9n\u00e9r\u00e9 automatiquement et stock\u00e9s sur votre ordinateur ou appareil portable lorsque vous visitez un site internet.\",\"breadcrumb\":{\"@id\":\"https:\\\/\\\/www.garcia-avocat-paris.fr\\\/licenciement\\\/mentions-cookies\\\/#breadcrumb\"},\"inLanguage\":\"fr-FR\",\"potentialAction\":[{\"@type\":\"ReadAction\",\"target\":[\"https:\\\/\\\/www.garcia-avocat-paris.fr\\\/licenciement\\\/mentions-cookies\\\/\"]}]},{\"@type\":\"BreadcrumbList\",\"@id\":\"https:\\\/\\\/www.garcia-avocat-paris.fr\\\/licenciement\\\/mentions-cookies\\\/#breadcrumb\",\"itemListElement\":[{\"@type\":\"ListItem\",\"position\":1,\"name\":\"Accueil\",\"item\":\"https:\\\/\\\/www.garcia-avocat-paris.fr\\\/licenciement\\\/\"},{\"@type\":\"ListItem\",\"position\":2,\"name\":\"Mentions sur les cookies\"}]},{\"@type\":\"WebSite\",\"@id\":\"https:\\\/\\\/www.garcia-avocat-paris.fr\\\/licenciement\\\/#website\",\"url\":\"https:\\\/\\\/www.garcia-avocat-paris.fr\\\/licenciement\\\/\",\"name\":\"Avocat Licenciement - Avocat Droit du Travail | Sarah GARCIA\",\"description\":\"Avocat du Travail Paris - Le Blog\",\"publisher\":{\"@id\":\"https:\\\/\\\/www.garcia-avocat-paris.fr\\\/licenciement\\\/#organization\"},\"potentialAction\":[{\"@type\":\"SearchAction\",\"target\":{\"@type\":\"EntryPoint\",\"urlTemplate\":\"https:\\\/\\\/www.garcia-avocat-paris.fr\\\/licenciement\\\/?s={search_term_string}\"},\"query-input\":{\"@type\":\"PropertyValueSpecification\",\"valueRequired\":true,\"valueName\":\"search_term_string\"}}],\"inLanguage\":\"fr-FR\"},{\"@type\":\"Organization\",\"@id\":\"https:\\\/\\\/www.garcia-avocat-paris.fr\\\/licenciement\\\/#organization\",\"name\":\"Cabinet SG Avocat\",\"url\":\"https:\\\/\\\/www.garcia-avocat-paris.fr\\\/licenciement\\\/\",\"logo\":{\"@type\":\"ImageObject\",\"inLanguage\":\"fr-FR\",\"@id\":\"https:\\\/\\\/www.garcia-avocat-paris.fr\\\/licenciement\\\/#\\\/schema\\\/logo\\\/image\\\/\",\"url\":\"https:\\\/\\\/www.garcia-avocat-paris.fr\\\/licenciement\\\/wp-content\\\/uploads\\\/2015\\\/03\\\/Logo-du-cabinet-sg-avocat.jpg\",\"contentUrl\":\"https:\\\/\\\/www.garcia-avocat-paris.fr\\\/licenciement\\\/wp-content\\\/uploads\\\/2015\\\/03\\\/Logo-du-cabinet-sg-avocat.jpg\",\"width\":75,\"height\":79,\"caption\":\"Cabinet SG Avocat\"},\"image\":{\"@id\":\"https:\\\/\\\/www.garcia-avocat-paris.fr\\\/licenciement\\\/#\\\/schema\\\/logo\\\/image\\\/\"},\"sameAs\":[\"https:\\\/\\\/www.facebook.com\\\/Cabinet.SG.Avocat.Paris\",\"https:\\\/\\\/x.com\\\/GarciaAvocat\",\"https:\\\/\\\/www.linkedin.com\\\/pub\\\/sarah-garcia\\\/69\\\/24\\\/12b\"]}]}<\/script>\n<!-- \/ Yoast SEO plugin. -->","yoast_head_json":{"title":"Mentions sur les cookies du blog du cabinet de ma\u00eetre Garcia Sarah","description":"POLITIQUE CONCERNANT LES COOKIES - Les cookies sont de petits morceaux de code g\u00e9n\u00e9r\u00e9 automatiquement et stock\u00e9s sur votre ordinateur ou appareil portable lorsque vous visitez un site internet.","robots":{"index":"index","follow":"follow","max-snippet":"max-snippet:-1","max-image-preview":"max-image-preview:large","max-video-preview":"max-video-preview:-1"},"canonical":"https:\/\/www.garcia-avocat-paris.fr\/licenciement\/mentions-cookies\/","og_locale":"fr_FR","og_type":"article","og_title":"Mentions sur les cookies du blog du cabinet de ma\u00eetre Garcia Sarah","og_description":"POLITIQUE CONCERNANT LES COOKIES - Les cookies sont de petits morceaux de code g\u00e9n\u00e9r\u00e9 automatiquement et stock\u00e9s sur votre ordinateur ou appareil portable lorsque vous visitez un site internet.","og_url":"https:\/\/www.garcia-avocat-paris.fr\/licenciement\/mentions-cookies\/","og_site_name":"Avocat Licenciement - Avocat Droit du Travail | Sarah GARCIA","article_publisher":"https:\/\/www.facebook.com\/Cabinet.SG.Avocat.Paris","article_modified_time":"2024-03-09T21:36:01+00:00","twitter_card":"summary_large_image","twitter_site":"@GarciaAvocat","twitter_misc":{"Dur\u00e9e de lecture estim\u00e9e":"3 minutes"},"schema":{"@context":"https:\/\/schema.org","@graph":[{"@type":"WebPage","@id":"https:\/\/www.garcia-avocat-paris.fr\/licenciement\/mentions-cookies\/","url":"https:\/\/www.garcia-avocat-paris.fr\/licenciement\/mentions-cookies\/","name":"Mentions sur les cookies du blog du cabinet de ma\u00eetre Garcia Sarah","isPartOf":{"@id":"https:\/\/www.garcia-avocat-paris.fr\/licenciement\/#website"},"datePublished":"2018-05-31T09:12:46+00:00","dateModified":"2024-03-09T21:36:01+00:00","description":"POLITIQUE CONCERNANT LES COOKIES - Les cookies sont de petits morceaux de code g\u00e9n\u00e9r\u00e9 automatiquement et stock\u00e9s sur votre ordinateur ou appareil portable lorsque vous visitez un site internet.","breadcrumb":{"@id":"https:\/\/www.garcia-avocat-paris.fr\/licenciement\/mentions-cookies\/#breadcrumb"},"inLanguage":"fr-FR","potentialAction":[{"@type":"ReadAction","target":["https:\/\/www.garcia-avocat-paris.fr\/licenciement\/mentions-cookies\/"]}]},{"@type":"BreadcrumbList","@id":"https:\/\/www.garcia-avocat-paris.fr\/licenciement\/mentions-cookies\/#breadcrumb","itemListElement":[{"@type":"ListItem","position":1,"name":"Accueil","item":"https:\/\/www.garcia-avocat-paris.fr\/licenciement\/"},{"@type":"ListItem","position":2,"name":"Mentions sur les cookies"}]},{"@type":"WebSite","@id":"https:\/\/www.garcia-avocat-paris.fr\/licenciement\/#website","url":"https:\/\/www.garcia-avocat-paris.fr\/licenciement\/","name":"Avocat Licenciement - Avocat Droit du Travail | Sarah GARCIA","description":"Avocat du Travail Paris - Le Blog","publisher":{"@id":"https:\/\/www.garcia-avocat-paris.fr\/licenciement\/#organization"},"potentialAction":[{"@type":"SearchAction","target":{"@type":"EntryPoint","urlTemplate":"https:\/\/www.garcia-avocat-paris.fr\/licenciement\/?s={search_term_string}"},"query-input":{"@type":"PropertyValueSpecification","valueRequired":true,"valueName":"search_term_string"}}],"inLanguage":"fr-FR"},{"@type":"Organization","@id":"https:\/\/www.garcia-avocat-paris.fr\/licenciement\/#organization","name":"Cabinet SG Avocat","url":"https:\/\/www.garcia-avocat-paris.fr\/licenciement\/","logo":{"@type":"ImageObject","inLanguage":"fr-FR","@id":"https:\/\/www.garcia-avocat-paris.fr\/licenciement\/#\/schema\/logo\/image\/","url":"https:\/\/www.garcia-avocat-paris.fr\/licenciement\/wp-content\/uploads\/2015\/03\/Logo-du-cabinet-sg-avocat.jpg","contentUrl":"https:\/\/www.garcia-avocat-paris.fr\/licenciement\/wp-content\/uploads\/2015\/03\/Logo-du-cabinet-sg-avocat.jpg","width":75,"height":79,"caption":"Cabinet SG Avocat"},"image":{"@id":"https:\/\/www.garcia-avocat-paris.fr\/licenciement\/#\/schema\/logo\/image\/"},"sameAs":["https:\/\/www.facebook.com\/Cabinet.SG.Avocat.Paris","https:\/\/x.com\/GarciaAvocat","https:\/\/www.linkedin.com\/pub\/sarah-garcia\/69\/24\/12b"]}]}},"_links":{"self":[{"href":"https:\/\/www.garcia-avocat-paris.fr\/licenciement\/wp-json\/wp\/v2\/pages\/2012","targetHints":{"allow":["GET"]}}],"collection":[{"href":"https:\/\/www.garcia-avocat-paris.fr\/licenciement\/wp-json\/wp\/v2\/pages"}],"about":[{"href":"https:\/\/www.garcia-avocat-paris.fr\/licenciement\/wp-json\/wp\/v2\/types\/page"}],"author":[{"embeddable":true,"href":"https:\/\/www.garcia-avocat-paris.fr\/licenciement\/wp-json\/wp\/v2\/users\/4"}],"replies":[{"embeddable":true,"href":"https:\/\/www.garcia-avocat-paris.fr\/licenciement\/wp-json\/wp\/v2\/comments?post=2012"}],"version-history":[{"count":0,"href":"https:\/\/www.garcia-avocat-paris.fr\/licenciement\/wp-json\/wp\/v2\/pages\/2012\/revisions"}],"wp:attachment":[{"href":"https:\/\/www.garcia-avocat-paris.fr\/licenciement\/wp-json\/wp\/v2\/media?parent=2012"}],"curies":[{"name":"wp","href":"https:\/\/api.w.org\/{rel}","templated":true}]}}